 d a prime number?
False
Let n(z) = 1105*z + 55. Let o(i) = 158*i + 8. Let d(l) = -3*n(l) + 20*o(l). Let s(g) = g**3 + 11*g**2 + 33*g + 33. Let v be s(-7). Is d(v) a composite number?
True
Is 6/27 + (-2631114)/(-162)*13 a composite number?
True
Let j(b) = 11*b**2 + 7*b + 25. Let v(u) = -32*u**2 - 20*u - 76. Let o(k) = 8*j(k) + 3*v(k). Let n be o(9). Let x = 1623 + n. Is x prime?
True
Suppose -y + 178572 = 3*c, 4*c - 119061 = 2*c - 5*y. Is c composite?
True
Suppose -6*r - 2*r = -3120. Let o be 2*134/52 - 60/r. Suppose 0 = o*b - 2*j - 1771, -j - 4*j + 10 = 0. Is b a composite number?
True
Suppose 16349 = 4*i + 3*m, -7*i + 2*i + 20438 = 2*m. Suppose 7*l + 2*h = 2*l + i, 1632 = 2*l + 4*h. Is l a prime number?
False
Let w = -802116 + 1465505. Is w composite?
True
Let n = 345 + -341. Suppose 0 = -4*s - n*f + 81816, 9*f - 10*f = 5*s - 102274. Is s composite?
True
Let j(l) = l**3 - 51*l**2 + 109*l - 39. Is j(52) a composite number?
True
Let g = -73 - -75. Suppose g + 7 = 3*y - x, -4*y = 5*x + 7. Suppose 0 = y*n - n - 2179. Is n a prime number?
True
Let k = -5501 - -13727. Let n be -3*4/24*k/(-3). Suppose 3*d = -5*v - 2*d + 6780, 0 = -v + 2*d + n. Is v a prime number?
True
Let t(y) = -74*y - 14. Let z be t(3). Let x be (1 - (-2)/(-6))/(4/2670). Let w = x + z. Is w a prime number?
False
Suppose 2*j + 4*b - 8 = 0, 3*b - 6 = 2*j - 0. Suppose 8*x + j*x = 3*x. Suppose 10*y - 9227 - 11223 = x. Is y a composite number?
True
Let r(a) = 19*a**2 + 5*a + 23. Let k be -5*((-108)/20 + 4). Suppose -k = o - 1. Is r(o) composite?
False
Suppose -57*k + 56*k = -49. Suppose 316 = -45*b + k*b. Is b a composite number?
False
Let r = -16092 - -3197. Is 9 - (9 + 0 + r) composite?
True
Let h(r) = 121*r**3 - 28*r**2 - 31*r + 39. Let u(m) = 61*m**3 - 14*m**2 - 15*m + 20. Let y(v) = -3*h(v) + 7*u(v). Is y(7) a prime number?
False
Suppose 2*f = 0, 3*j - f - 103320 + 23379 = 0. Suppose -4*a - 5*d = -18325 - 17195, 2*d = -3*a + j. Is a a composite number?
True
Let n be 2 + -5 - 280/(-7). Let w = n - 31. Is (-9)/(-6)*284/w a prime number?
True
Let v = 239905 - 148916. Is v a prime number?
True
Suppose 38*s = 18686815 + 8840119. Is s prime?
True
Let j(y) = -485*y - 633*y + 487*y - 422*y + 47. Is j(-4) a composite number?
False
Let a(l) = 538*l + 31. Let g be a(-10). Let f = 10144 - g. Is f prime?
True
Is (2/6)/((2/24)/((-4911677)/(-164))) a composite number?
False
Suppose 4*v = 3*w - 1611, -12*w + 9*w - 4*v + 1611 = 0. Is w prime?
False
Let u = -454 + 8513. Is u composite?
False
Suppose -14*r + 16*r - 32 = 0. Suppose 20*q - r*q - 44 = 0. Suppose q*a - 15430 = a. Is a a prime number?
True
Suppose 119769 = -9*z + 2366232. Is z a prime number?
True
Let c = -785 + 643. Is (-879)/(((-18)/c)/(-3)) prime?
False
Let a = -3 + 5. Suppose -291*f = -276*f. Suppose y = -q - a*q + 2243, q - y - 753 = f. Is q composite?
True
Let g be -2 - (3 - (-6)/3). Let o be -3 - (((-3)/1 - g) + -15). Is (-1659)/(-24) + 1/o*-1 a prime number?
False
Let r = -6 - -5. Let h(k) = -3*k**3 + 8*k**2 + 11. Let o be h(-4). Is r/(-5 + 2 - (-992)/o) a composite number?
False
Let i = 18383 + 49862. Is i composite?
True
Suppose 0 = l, -3*l = 2*f - 6*l + 2*l - 8342. Is f composite?
True
Let k(o) = 150406*o - 81. Let f be k(26). Suppose -16*z - 9*z = -f. Is z composite?
False
Let m(k) = -11 - 8 + 23 - 19*k - 12*k. Let t be m(-11). Suppose 4*g - t = 1795. Is g a composite number?
True
Let s(r) = -741*r**2 + 3*r. Let f(g) = -g - 1. Let j(u) = 2*f(u) + s(u). Let i be j(1). Let b = i - -1955. Is b a composite number?
False
Let d(a) = 43*a**2 + 8*a - 42. Is d(-9) a prime number?
False
Is 3/(-1) + (-14358646)/(-199) a composite number?
True
Let z = -27961 - -43337. Suppose 13*t - z + 2753 = 0. Is t prime?
True
Let u(g) = g**3 + g + 8*g + 5*g**2 + 1 - 2 - 24*g. Let p be u(-7). Is 134/p + (-76)/57 prime?
False
Let r(s) = s + 1. Let a be r(-19). Let y = a + 173. Is y composite?
True
Suppose -14899 + 1150 = 5*y + c, 5*y + 3*c = -13757. Let w = y + 10160. Is w composite?
False
Let a(l) be the third derivative of 119*l**5/20 + l**3/6 + 131*l**2. Suppose -3*r = 0, 4*k + 3*r - 2 = 2. Is a(k) a composite number?
True
Let x(f) be the first derivative of -2759*f**2/2 + 24*f - 26. Is x(-3) a composite number?
True
Is 4262420/8*88/220 composite?
True
Suppose 4*w + 5*n = -63, -n - 67 = 6*w - 2*w. Let r = 18 + w. Is 4/(-6)*(35276/(-8) + r) a composite number?
False
Let k be 30/4*(1 + 1/(-3)). Suppose -4 = k*l - 2*o, l + 2 = -0*l + o. Suppose -v + n + 215 = -0*v, -v + 4*n + 221 = l. Is v a composite number?
True
Suppose 11*c + 3*c - 186541 = -3*c. Is c prime?
True
Let j(w) = w**3 + 13*w**2 + 22*w + 3. Let h = 69 - 80. Let l be j(h). Suppose -4*u - l*v = -2164, -u + 235 = -v - 306. Is u a prime number?
True
Suppose 0 = -19*s - 11*s + 5*s + 195025. Is s composite?
True
Let f(n) = 17*n**3 + 3*n**2 + 24*n - 577. Is f(12) a prime number?
False
Suppose 51*q - 58*q + 35 = 0. Let a = -337 - -1315. Suppose -4*v - a = q*g - 8295, -3*g = -5*v - 4405. Is g prime?
False
Is (873046/8)/(133/532) composite?
False
Suppose -55*i - 8 = -59*i. Suppose -63 = 5*z - h, -5*z - i*h = 13 + 41. Is (-1 + (-68)/z)*30/4 composite?
True
Suppose 49182 = -2*y + 377548. Is y a composite number?
False
Let p be 9133*((-28)/(-49) + 3/7). Let m = -4350 + p. Is m a prime number?
True
Suppose 2*i + 5*c - 30309 = 0, 5*i + 8*c = 3*c + 75750. Suppose 4*x = 2*d - 16630, 2*d - i - 1492 = x. Is d a composite number?
True
Suppose -7*o + 300145 + 812572 = -356856. Is o composite?
False
Let a = 20 + -18. Suppose a*i + 107 = -2513. Let b = -209 - i. Is b a prime number?
False
Suppose 0 = 25*x + 7913 - 1163. Let t = 37 - x. Is t a composite number?
False
Suppose 1223*i = 1201*i + 12747394. Is i a composite number?
False
Suppose 2 = 2*x - 2. Suppose -4*j - x = 90. Let v = 234 + j. Is v prime?
True
Let p be (3 - 15/6)*0. Suppose p = k - 3, -f + 9 = -2*k + 22. Let s(h) = h**2 - 8*h - 2. Is s(f) composite?
False
Suppose -113731 + 26732 = -11*o. Is o a prime number?
False
Let i(d) = -7667*d + 2. Suppose -3*b + 14 = -6*z + 4*z, 2*z + 6*b - 22 = 0. Is i(z) composite?
False
Is (-5)/((-60)/1649931)*(-16 - -12 - -8) composite?
False
Let w = 208 + -284. Is (30242/8)/((-19)/w) composite?
False
Let w = 117395 + -42472. Is w a prime number?
True
Let x = 82202 + 642897. Is x composite?
False
Suppose -5622*r = -5513*r - 16033573. Is r prime?
True
Let d(k) = 421*k**2 + 5. Let j(q) = -q**3 + 4*q**2 + 9*q - 30. Let t be j(4). Is d(t) prime?
True
Suppose 157*r - 12743241 = 10169810. Is r a prime number?
False
Suppose -3*m + 112 = -3*x + x, -4*x - 2*m = 192. Suppose -2*d + 3*n = -7*d - 7661, 5*d + 2*n + 7659 = 0. Let b = x - d. Is b a composite number?
False
Suppose -114327 = 19*r - 22*r - 3*o, -4*o = r - 38097. Is r composite?
False
Let b be ((-15)/6)/((-1)/854). Let y be (1*(4 - 3))/(2/2676). Let p = b - y. Is p prime?
True
Let f = 858798 - 551111. Is f a composite number?
False
Let n(d) = -d**2 + 6*d - 2. Let v be (-4 - 1)*(-12)/20. Let w be n(v). Let i(p) = 74*p + 23. Is i(w) a prime number?
True
Let s(r) = 90*r - 2 + 134*r - 32*r - 26*r. Let w be s(2). Let d = 1267 + w. Is d composite?
False
Suppose 27*k - 243857 = 418426. Is k composite?
True
Suppose 5*s + m - 13 = 2*m, -4*s = 3*m + 1. Suppose -5*y - s*y = 21287. Let i = -1735 - y. Is i a composite number?
True
Let v be (-5)/((-135)/(-6)) + 22/99. Is (v - -1)/((-11)/(-11671)) a composite number?
False
Suppose -25*q + 26*q + 6 = 0. Let j be (-69)/(-161) + q/14. Suppose j = -o + 643 + 1594. Is o a composite number?
False
Suppose 8*s - 20 = 3*s. Suppose 20 = s*u + a, -a + 16 = -3*u + 6*u. Suppose -5*o + 2*n + 699 = 0, -5*o - 113 = u*n - 800. Is o prime?
True
Suppose 3*n + 2*w - 34 = 3, -3*n = -2*w - 29. Let r(d) = d**3 + 4*d**2 + d - 2. Let k be r(-3). Suppose -n*j + 22897 = -k*j. Is j composite?
False
Let g(p) = -22*p - 3. Let y be g(0). Is 5747/y*(20 + -23) prime?
False
Let r be (-13302)/(-36) - (6/4)/(-1). Let v = -133 + r. Suppose 5*i = 117 + v. Is i prime?
True
Let t(u) = -11*u - 20. Let w = 77 + -79. Let j be t(w). Suppose 2*b - j*a - 1702 = 0, -5*b + a - 679 = -4934. Is b a composite number?
True
Suppose 4*f + 24173124 = 4*f + 12*f. Is f a prime number?
False
Let z(t) = -100*t**2 - 4*t + 18*t**2 + 203*t**2 + 307*t**2 + 5. Is z(2) prime?
True
Let c = -3 -